{"id":22991056,"date":"2024-02-19T22:37:16","date_gmt":"2024-02-19T21:37:16","guid":{"rendered":"https:\/\/ve-academy.ch\/?post_type=tribe_events&#038;p=22991056"},"modified":"2024-05-17T07:51:02","modified_gmt":"2024-05-17T05:51:02","slug":"content-creation-fur-social-media-sep-24","status":"publish","type":"tribe_events","link":"https:\/\/ve-academy.ch\/en\/event\/content-creation-fur-social-media-sep-24\/","title":{"rendered":"Content Creation f\u00fcr Social Media"},"content":{"rendered":"<p>[et_pb_section fb_built=&#187;1&#8243; _builder_version=&#187;4.16&#8243; custom_padding=&#187;||17px|||&#187; da_disable_devices=&#187;off|off|off&#187; saved_tabs=&#187;all&#187; global_colors_info=&#187;{}&#187; da_is_popup=&#187;off&#187; da_exit_intent=&#187;off&#187; da_has_close=&#187;on&#187; da_alt_close=&#187;off&#187; da_dark_close=&#187;off&#187; da_not_modal=&#187;on&#187; da_is_singular=&#187;off&#187; da_with_loader=&#187;off&#187; da_has_shadow=&#187;on&#187;][et_pb_row _builder_version=&#187;4.25.1&#8243; _module_preset=&#187;default&#187;][et_pb_column _builder_version=&#187;4.25.1&#8243; _module_preset=&#187;default&#187; type=&#187;4_4&#8243;][et_pb_video src=&#187;https:\/\/vimeo.com\/947273757&#8243; _builder_version=&#187;4.25.1&#8243; _module_preset=&#187;default&#187; hover_enabled=&#187;0&#8243; sticky_enabled=&#187;0&#8243;][\/et_pb_video][\/et_pb_column][\/et_pb_row][et_pb_row _builder_version=&#187;4.16&#8243; background_size=&#187;initial&#187; background_position=&#187;top_left&#187; background_repeat=&#187;repeat&#187; global_colors_info=&#187;{}&#187;][et_pb_column type=&#187;4_4&#8243; _builder_version=&#187;4.16&#8243; custom_padding=&#187;|||&#187; global_colors_info=&#187;{}&#187; custom_padding__hover=&#187;|||&#187;][et_pb_text _builder_version=&#187;4.23.4&#8243; background_size=&#187;initial&#187; background_position=&#187;top_left&#187; background_repeat=&#187;repeat&#187; global_colors_info=&#187;{}&#187;]<\/p>\n<h1>\u00dcber diesen Workshop<\/h1>\n<p><span>Hier lernst du, wie du professionell und effektiv ansprechenden Content f\u00fcr deinen Social Media Auftritt produzierst. Auch ohne ein Profi zu sein. Wir zeigen dir unter anderem:<\/span><\/p>\n<ul>\n<li>wie du eine f\u00fcr dich passende Content Strategie entwickelst<\/li>\n<li><span>wie du auch mit einfachen Mitteln und bestehenden Ressourcen coolen Content f\u00fcr Social Media produzieren kannst<\/span><\/li>\n<li><span>wie du praktische Tools und Apps f\u00fcr deine Content Produktion einsetzt.<\/span><\/li>\n<\/ul>\n<h1 style=\"font-weight: 400;\">F\u00fcr wen ist dieser Workshop?<\/h1>\n<p style=\"font-weight: 400;\"><span>Der Workshop richtet sich an alle, die einen professionellen Social Media Auftritt gestalten oder diesen optimieren m\u00f6chten.\u00a0<\/span><\/p>\n<ul><\/ul>\n<h1 style=\"font-weight: 400;\">Was wirst Du lernen?<\/h1>\n<p><span>Auf deine Bed\u00fcrfnisse massgeschneidert lernst du unter professioneller Anleitung, worauf es bei der Content Produktion ankommt und wirst dies auch gleich vor Ort umsetzen.<\/span><\/p>\n<h1 style=\"font-weight: 400;\">Warum teilnehmen?<\/h1>\n<ul style=\"font-weight: 400;\">\n<li><span>Du lernst vom Profi, wie du ansprechende Videos, Fotos und Texte f\u00fcr Social Media produzieren kannst &#8211; auch ohne selbst ein Profi zu sein.<\/span><\/li>\n<li><span>Du lernst, wie du deine Ziele auf Social Media effektiv und deinen M\u00f6glichkeiten entsprechen erreichst<\/span><\/li>\n<li><span>Du bekommst Einblicke in Tools und Anwendungen, die du f\u00fcr die Content Produktion nutzen kannst<\/span><\/li>\n<\/ul>\n<h1>Der Referent<\/h1>\n<p>Durch den Tag begleitet dich Andrej Voina.<\/p>\n<p>[\/et_pb_text][et_pb_team_member name=&#187;Andrej Voina&#187; position=&#187;Head of Content Creation&#187; image_url=&#187;https:\/\/ve-academy.ch\/wp-content\/uploads\/Voina-Andrej_MG_7077-Bearbeitet_quer_web.jpg&#187; _builder_version=&#187;4.23.4&#8243; _module_preset=&#187;default&#187; global_colors_info=&#187;{}&#187;]<\/p>\n<p><span>Andrej Voina arbeitet als Head of Content Creation f\u00fcr vE Bildungsexzellenz. Er arbeitet seit 1990 als Kommunikationsprofi und verf\u00fcgt \u00fcber langj\u00e4hrige Erfahrung im Bereich Audio, Video, Text, Bild und Live Content f\u00fcr Websites, Social Media, \u00d6ffentlichkeitsarbeit und Unternehmenskommunikation.<\/span><\/p>\n<p>[\/et_pb_team_member][\/et_pb_column][\/et_pb_row][\/et_pb_section]<\/p>","protected":false},"excerpt":{"rendered":"<p>Bei diesem Event erh\u00e4ltst Du Kurzinputs und wirst Live vor Ort unter Anleitung eines Profis Content produzieren. Der Fokus liegt dabei auf Video, Bild und Text.<\/p>","protected":false},"author":4,"featured_media":22990920,"template":"","meta":{"_acf_changed":false,"_et_pb_use_builder":"on","_et_pb_old_content":"<p>[et_pb_section fb_built=\"1\" _builder_version=\"4.16\" da_disable_devices=\"off|off|off\" global_colors_info=\"{}\" da_is_popup=\"off\" da_exit_intent=\"off\" da_has_close=\"on\" da_alt_close=\"off\" da_dark_close=\"off\" da_not_modal=\"on\" da_is_singular=\"off\" da_with_loader=\"off\" da_has_shadow=\"on\"][et_pb_row _builder_version=\"4.16\" background_size=\"initial\" background_position=\"top_left\" background_repeat=\"repeat\" global_colors_info=\"{}\"][et_pb_column type=\"4_4\" _builder_version=\"4.16\" custom_padding=\"|||\" global_colors_info=\"{}\" custom_padding__hover=\"|||\"][et_pb_text _builder_version=\"4.16\" background_size=\"initial\" background_position=\"top_left\" background_repeat=\"repeat\" global_colors_info=\"{}\"]<\/p><h1>\u00dcber diesen Workshop<\/h1><p>Du weisst nach diesem Workshop<\/p><ul><li>wie Du eine f\u00fcr Dich passende Content Strategie entwickelst<\/li><li>wie Du mit dem Smartphone Content f\u00fcr Social Media produzieren kannst<\/li><li>welche Tools Du mit Deinem Smartphone am besten verwendest f\u00fcr die Content Produktion<\/li><\/ul><p>Neben Kurzinputs wirst Du Live vor Ort Content produzieren. Der Fokus liegt dabei auf Video, Bild und Text.<\/p><h1>Der Referent<\/h1><p>Durch den Tag begleitet Dich Andrej Voina.<br \/>[\/et_pb_text][\/et_pb_column][\/et_pb_row][\/et_pb_section][et_pb_section fb_built=\"1\" _builder_version=\"4.23.4\" _module_preset=\"default\" da_disable_devices=\"off|off|off\" global_colors_info=\"{}\" da_is_popup=\"off\" da_exit_intent=\"off\" da_has_close=\"on\" da_alt_close=\"off\" da_dark_close=\"off\" da_not_modal=\"on\" da_is_singular=\"off\" da_with_loader=\"off\" da_has_shadow=\"on\"][et_pb_row _builder_version=\"4.23.4\" _module_preset=\"default\" global_colors_info=\"{}\"][et_pb_column type=\"4_4\" _builder_version=\"4.23.4\" _module_preset=\"default\" global_colors_info=\"{}\"][dcet_event_ticket show_event_rsvp=\"off\" _builder_version=\"4.23.4\" _module_preset=\"default\" global_colors_info=\"{}\"][\/dcet_event_ticket][\/et_pb_column][\/et_pb_row][\/et_pb_section]<\/p>","_et_gb_content_width":"","_price":"","_stock":"","_tribe_ticket_header":"22990123","_tribe_default_ticket_provider":"TEC\\Tickets\\Commerce\\Module","_ticket_start_date":"","_ticket_end_date":"","_tribe_ticket_show_description":"","_tribe_ticket_show_not_going":false,"_tribe_ticket_use_global_stock":"","_tribe_ticket_global_stock_level":"","_global_stock_mode":"","_global_stock_cap":"","_tribe_rsvp_for_event":"","_tribe_ticket_going_count":"","_tribe_ticket_not_going_count":"","_tribe_tickets_list":"[{\"id\":22991075,\"type\":\"default\",\"title\":\"Content Creation f\\u00fcr Social Media - 19. September 2024\",\"description\":\"\",\"capacityType\":\"own\",\"price\":\"799\",\"capacity\":12,\"available\":12,\"sharedCapacity\":12,\"sold\":0,\"shareSold\":0,\"isShared\":false,\"currencyDecimalPoint\":\".\",\"currencyNumberOfDecimals\":2,\"currencyPosition\":\"prefix\",\"currencySymbol\":\"CHF\",\"currencyThousandsSep\":\",\"}]","_tribe_ticket_has_attendee_info_fields":false,"_tribe_events_status":"","_tribe_events_status_reason":"","footnotes":"","_tec_slr_enabled":"","_tec_slr_layout":""},"tags":[],"tribe_events_cat":[49,16],"class_list":["post-22991056","tribe_events","type-tribe_events","status-publish","has-post-thumbnail","hentry","tribe_events_cat-marketing-sales","tribe_events_cat-workshops","cat_marketing-sales","cat_workshops"],"acf":[],"ticketed":["tc"],"_links":{"self":[{"href":"https:\/\/ve-academy.ch\/en\/wp-json\/wp\/v2\/tribe_events\/22991056","targetHints":{"allow":["GET"]}}],"collection":[{"href":"https:\/\/ve-academy.ch\/en\/wp-json\/wp\/v2\/tribe_events"}],"about":[{"href":"https:\/\/ve-academy.ch\/en\/wp-json\/wp\/v2\/types\/tribe_events"}],"author":[{"embeddable":true,"href":"https:\/\/ve-academy.ch\/en\/wp-json\/wp\/v2\/users\/4"}],"version-history":[{"count":11,"href":"https:\/\/ve-academy.ch\/en\/wp-json\/wp\/v2\/tribe_events\/22991056\/revisions"}],"predecessor-version":[{"id":22991458,"href":"https:\/\/ve-academy.ch\/en\/wp-json\/wp\/v2\/tribe_events\/22991056\/revisions\/22991458"}],"wp:featuredmedia":[{"embeddable":true,"href":"https:\/\/ve-academy.ch\/en\/wp-json\/wp\/v2\/media\/22990920"}],"wp:attachment":[{"href":"https:\/\/ve-academy.ch\/en\/wp-json\/wp\/v2\/media?parent=22991056"}],"wp:term":[{"taxonomy":"post_tag","embeddable":true,"href":"https:\/\/ve-academy.ch\/en\/wp-json\/wp\/v2\/tags?post=22991056"},{"taxonomy":"tribe_events_cat","embeddable":true,"href":"https:\/\/ve-academy.ch\/en\/wp-json\/wp\/v2\/tribe_events_cat?post=22991056"}],"curies":[{"name":"wp","href":"https:\/\/api.w.org\/{rel}","templated":true}]}}

Content Creation für Social Media

<p>[et_pb_section fb_built=&#187;1&#8243; _builder_version=&#187;4.16&#8243; custom_padding=&#187;||17px|||&#187; da_disable_devices=&#187;off|off|off&#187; saved_tabs=&#187;all&#187; global_colors_info=&#187;{}&#187; da_is_popup=&#187;off&#187; da_exit_intent=&#187;off&#187; da_has_close=&#187;on&#187; da_alt_close=&#187;off&#187; da_dark_close=&#187;off&#187; da_not_modal=&#187;on&#187; da_is_singular=&#187;off&#187; da_with_loader=&#187;off&#187; da_has_shadow=&#187;on&#187;][et_pb_row _builder_version=&#187;4.25.1&#8243; _module_preset=&#187;default&#187;][et_pb_column _builder_version=&#187;4.25.1&#8243; _module_preset=&#187;default&#187; type=&#187;4_4&#8243;][et_pb_video src=&#187;https://vimeo.com/947273757&#8243; _builder_version=&#187;4.25.1&#8243; _module_preset=&#187;default&#187; hover_enabled=&#187;0&#8243; sticky_enabled=&#187;0&#8243;][/et_pb_video][/et_pb_column][/et_pb_row][et_pb_row _builder_version=&#187;4.16&#8243; background_size=&#187;initial&#187; background_position=&#187;top_left&#187; background_repeat=&#187;repeat&#187; global_colors_info=&#187;{}&#187;][et_pb_column type=&#187;4_4&#8243; _builder_version=&#187;4.16&#8243; custom_padding=&#187;|||&#187; global_colors_info=&#187;{}&#187; custom_padding__hover=&#187;|||&#187;][et_pb_text _builder_version=&#187;4.23.4&#8243; background_size=&#187;initial&#187; background_position=&#187;top_left&#187; background_repeat=&#187;repeat&#187; global_colors_info=&#187;{}&#187;]</p>
<h1>Über diesen Workshop</h1>
<p><span>Hier lernst du, wie du professionell und effektiv ansprechenden Content für deinen Social Media Auftritt produzierst. Auch ohne ein Profi zu sein. Wir zeigen dir unter anderem:</span></p>
<ul>
<li>wie du eine für dich passende Content Strategie entwickelst</li>
<li><span>wie du auch mit einfachen Mitteln und bestehenden Ressourcen coolen Content für Social Media produzieren kannst</span></li>
<li><span>wie du praktische Tools und Apps für deine Content Produktion einsetzt.</span></li>
</ul>
<h1 style="font-weight: 400;">Für wen ist dieser Workshop?</h1>
<p style="font-weight: 400;"><span>Der Workshop richtet sich an alle, die einen professionellen Social Media Auftritt gestalten oder diesen optimieren möchten. </span></p>
<ul></ul>
<h1 style="font-weight: 400;">Was wirst Du lernen?</h1>
<p><span>Auf deine Bedürfnisse massgeschneidert lernst du unter professioneller Anleitung, worauf es bei der Content Produktion ankommt und wirst dies auch gleich vor Ort umsetzen.</span></p>
<h1 style="font-weight: 400;">Warum teilnehmen?</h1>
<ul style="font-weight: 400;">
<li><span>Du lernst vom Profi, wie du ansprechende Videos, Fotos und Texte für Social Media produzieren kannst &#8211; auch ohne selbst ein Profi zu sein.</span></li>
<li><span>Du lernst, wie du deine Ziele auf Social Media effektiv und deinen Möglichkeiten entsprechen erreichst</span></li>
<li><span>Du bekommst Einblicke in Tools und Anwendungen, die du für die Content Produktion nutzen kannst</span></li>
</ul>
<h1>Der Referent</h1>
<p>Durch den Tag begleitet dich Andrej Voina.</p>
<p>[/et_pb_text][et_pb_team_member name=&#187;Andrej Voina&#187; position=&#187;Head of Content Creation&#187; image_url=&#187;https://ve-academy.ch/wp-content/uploads/Voina-Andrej_MG_7077-Bearbeitet_quer_web.jpg&#187; _builder_version=&#187;4.23.4&#8243; _module_preset=&#187;default&#187; global_colors_info=&#187;{}&#187;]</p>
<p><span>Andrej Voina arbeitet als Head of Content Creation für vE Bildungsexzellenz. Er arbeitet seit 1990 als Kommunikationsprofi und verfügt über langjährige Erfahrung im Bereich Audio, Video, Text, Bild und Live Content für Websites, Social Media, Öffentlichkeitsarbeit und Unternehmenskommunikation.</span></p>
<p>[/et_pb_team_member][/et_pb_column][/et_pb_row][/et_pb_section]</p>

<p>Bei diesem Event erhältst Du Kurzinputs und wirst Live vor Ort unter Anleitung eines Profis Content produzieren. Der Fokus liegt dabei auf Video, Bild und Text.</p>

<p>[et_pb_section fb_built="1" _builder_version="4.16" da_disable_devices="off|off|off" global_colors_info="{}" da_is_popup="off" da_exit_intent="off" da_has_close="on" da_alt_close="off" da_dark_close="off" da_not_modal="on" da_is_singular="off" da_with_loader="off" da_has_shadow="on"][et_pb_row _builder_version="4.16" background_size="initial" background_position="top_left" background_repeat="repeat" global_colors_info="{}"][et_pb_column type="4_4" _builder_version="4.16" custom_padding="|||" global_colors_info="{}" custom_padding__hover="|||"][et_pb_text _builder_version="4.16" background_size="initial" background_position="top_left" background_repeat="repeat" global_colors_info="{}"]</p><h1>Über diesen Workshop</h1><p>Du weisst nach diesem Workshop</p><ul><li>wie Du eine für Dich passende Content Strategie entwickelst</li><li>wie Du mit dem Smartphone Content für Social Media produzieren kannst</li><li>welche Tools Du mit Deinem Smartphone am besten verwendest für die Content Produktion</li></ul><p>Neben Kurzinputs wirst Du Live vor Ort Content produzieren. Der Fokus liegt dabei auf Video, Bild und Text.</p><h1>Der Referent</h1><p>Durch den Tag begleitet Dich Andrej Voina.<br />[/et_pb_text][/et_pb_column][/et_pb_row][/et_pb_section][et_pb_section fb_built="1" _builder_version="4.23.4" _module_preset="default" da_disable_devices="off|off|off" global_colors_info="{}" da_is_popup="off" da_exit_intent="off" da_has_close="on" da_alt_close="off" da_dark_close="off" da_not_modal="on" da_is_singular="off" da_with_loader="off" da_has_shadow="on"][et_pb_row _builder_version="4.23.4" _module_preset="default" global_colors_info="{}"][et_pb_column type="4_4" _builder_version="4.23.4" _module_preset="default" global_colors_info="{}"][dcet_event_ticket show_event_rsvp="off" _builder_version="4.23.4" _module_preset="default" global_colors_info="{}"][/dcet_event_ticket][/et_pb_column][/et_pb_row][/et_pb_section]</p>
