{"id":22990971,"date":"2024-02-17T22:13:05","date_gmt":"2024-02-17T21:13:05","guid":{"rendered":"https:\/\/ve-academy.ch\/event\/content-creation-fuer-social-media-nov-24-copy\/"},"modified":"2024-04-30T21:55:52","modified_gmt":"2024-04-30T19:55:52","slug":"storytelling-mai-24","status":"publish","type":"tribe_events","link":"https:\/\/ve-academy.ch\/en\/event\/storytelling-mai-24\/","title":{"rendered":"Storytelling f\u00fcr mein Unternehmen"},"content":{"rendered":"<p>[et_pb_section fb_built=&#187;1&#8243; _builder_version=&#187;4.16&#8243; custom_padding=&#187;27px||17px|||&#187; da_disable_devices=&#187;off|off|off&#187; saved_tabs=&#187;all&#187; global_colors_info=&#187;{}&#187; da_is_popup=&#187;off&#187; da_exit_intent=&#187;off&#187; da_has_close=&#187;on&#187; da_alt_close=&#187;off&#187; da_dark_close=&#187;off&#187; da_not_modal=&#187;on&#187; da_is_singular=&#187;off&#187; da_with_loader=&#187;off&#187; da_has_shadow=&#187;on&#187;][et_pb_row _builder_version=&#187;4.16&#8243; background_size=&#187;initial&#187; background_position=&#187;top_left&#187; background_repeat=&#187;repeat&#187; global_colors_info=&#187;{}&#187; theme_builder_area=&#187;post_content&#187;][et_pb_column type=&#187;4_4&#8243; _builder_version=&#187;4.16&#8243; custom_padding=&#187;|||&#187; global_colors_info=&#187;{}&#187; custom_padding__hover=&#187;|||&#187; theme_builder_area=&#187;post_content&#187;][et_pb_video src=&#187;https:\/\/vimeo.com\/941369293?share=copy&#187; _builder_version=&#187;4.24.3&#8243; _module_preset=&#187;default&#187; global_colors_info=&#187;{}&#187; theme_builder_area=&#187;post_content&#187;][\/et_pb_video][\/et_pb_column][\/et_pb_row][et_pb_row _builder_version=&#187;4.16&#8243; background_size=&#187;initial&#187; background_position=&#187;top_left&#187; background_repeat=&#187;repeat&#187; global_colors_info=&#187;{}&#187;][et_pb_column type=&#187;4_4&#8243; _builder_version=&#187;4.16&#8243; custom_padding=&#187;|||&#187; global_colors_info=&#187;{}&#187; custom_padding__hover=&#187;|||&#187;][et_pb_text _builder_version=&#187;4.23.4&#8243; background_size=&#187;initial&#187; background_position=&#187;top_left&#187; background_repeat=&#187;repeat&#187; global_colors_info=&#187;{}&#187;]<\/p>\n<h1>\u00dcber diesen Workshop<\/h1>\n<p><span>Vom Profi angeleitet erarbeitest du das komplette Storytelling f\u00fcr Dein Unternehmen. Diese konkreten Text-Bausteine kannst du danach f\u00fcr alle m\u00f6glichen Bereiche deiner (On- und Offline) Kommunikation einsetzen.<\/span><\/p>\n<p>Der Workshop ist wie folgt aufgebaut:<span><\/span><\/p>\n<ul>\n<li><span>Tag 1: Unter Anleitung erarbeitest du ein professionelles, klares Storytelling f\u00fcr deine Kommunikation. Dazu geh\u00f6ren z.B. \u201eClaim\u201c, \u201eMission Statement\u201c, \u201eAngebot\u201c, \u201eUSP\u2019s\u201c und mehr<\/span><\/li>\n<li><span>Tag 2: Du setzt das Storytelling um &#8211; z.B. f\u00fcr deine Website oder deinen Social Media Auftritt<\/span><\/li>\n<\/ul>\n<h1 style=\"font-weight: 400;\">F\u00fcr wen ist dieser Workshop?<\/h1>\n<p style=\"font-weight: 400;\"><span>F\u00fcr alle, die eine Website und einen Social Media Auftritt haben (oder haben m\u00f6chten) und die professionell, klar und verst\u00e4ndlich kommunizieren wollen. Und zwar so, dass es die Zielgruppe anspricht und \u201eankommt&#187;. <\/span><\/p>\n<h1 style=\"font-weight: 400;\">Was wirst Du lernen?<\/h1>\n<p><span>Du lernst, mit welchen Worten du dein Storytelling strukturiert und klar aufbaust und dieses anschliessend umsetzen kannst.<\/span><\/p>\n<h1 style=\"font-weight: 400;\">Warum teilnehmen?<\/h1>\n<ul style=\"font-weight: 400;\">\n<li><span>Du erh\u00e4ltst einen Leitfaden f\u00fcr die Kunst des professionellen Storytellings, um eine emotionale Verbindung mit deiner Zielgruppe zu schaffen und somit die Markenbindung zu st\u00e4rken.<\/span><\/li>\n<li><span>Du verl\u00e4sst den Workshop mit einem kompletten Set von knackigen Textbausteinen, welche du direkt in deiner Kommunikation einsetzen kannst. Auch wenn du kein Goethe bist.<\/span><\/li>\n<li><span>Du lernst, dein Angebot so zu formulieren, dass sich deine Zielgruppe angesprochen und vor allem verstanden f\u00fchlt. So, dass sie nicht anders kann, als sich f\u00fcr dich und dein Angebot zu interessieren.<\/span><\/li>\n<\/ul>\n<h1>Der Referent<\/h1>\n<p>Durch den Workshop begleitet dich Andrej Voina.<\/p>\n<p>[\/et_pb_text][et_pb_team_member name=&#187;Andrej Voina&#187; position=&#187;Head of Content Creation&#187; image_url=&#187;https:\/\/ve-academy.ch\/wp-content\/uploads\/Voina-Andrej_MG_7077-Bearbeitet_quer_web.jpg&#187; _builder_version=&#187;4.23.4&#8243; _module_preset=&#187;default&#187; global_colors_info=&#187;{}&#187;]<\/p>\n<p><span>Andrej Voina arbeitet seit 1990 in der Kommunikation und ist Spezialist f\u00fcr Storytelling und Content Produktion. Er arbeitete unter anderem als Radiomoderator, Werbetexter, Station Voice und Journalist bei den gr\u00f6ssten Schweizer Privatradios, war PR Manager f\u00fcr Apple, MarCom Leiter eines Schweizer Unternehmens, welches in \u00fcber 60 L\u00e4ndern verkauft und jahrelanger selbstst\u00e4ndiger Kommunikationsberater und Content Produzent.<\/span><\/p>\n<p>[\/et_pb_team_member][\/et_pb_column][\/et_pb_row][\/et_pb_section]<\/p>","protected":false},"excerpt":{"rendered":"<p>Vom Profi angeleitet erarbeitest du das komplette Storytelling f\u00fcr dein Unternehmen. Diese konkreten Text-Bausteine kannst du danach f\u00fcr alle m\u00f6glichen Bereiche deiner Kommunikation einsetzen.<\/p>","protected":false},"author":4,"featured_media":22990974,"template":"","meta":{"_acf_changed":false,"_et_pb_use_builder":"on","_et_pb_old_content":"<h1>\u00dcber diesen Workshop<\/h1><p>Du weisst nach diesem Workshop<\/p><ul><li>wie Du eine f\u00fcr Dich passende Content Strategie entwickelst<\/li><li>wie Du mit dem Smartphone Content f\u00fcr Social Media produzieren kannst<\/li><li>welche Tools Du mit Deinem Smartphone am besten verwendest f\u00fcr die Content Produktion<\/li><\/ul><p>Neben Kurzinputs wirst Du Live vor Ort Content produzieren. Der Fokus liegt dabei auf Video, Bild und Text.<\/p><h1>Der Referent<\/h1><p>Durch den Tag begleitet Dich Andrej Voina.<\/p>","_et_gb_content_width":"","_price":"","_stock":"","_tribe_ticket_header":"22990123","_tribe_default_ticket_provider":"TEC\\Tickets\\Commerce\\Module","_ticket_start_date":"","_ticket_end_date":"","_tribe_ticket_show_description":"","_tribe_ticket_show_not_going":false,"_tribe_ticket_use_global_stock":"","_tribe_ticket_global_stock_level":"","_global_stock_mode":"","_global_stock_cap":"","_tribe_rsvp_for_event":"","_tribe_ticket_going_count":"","_tribe_ticket_not_going_count":"","_tribe_tickets_list":"[{\"id\":22990973,\"type\":\"default\",\"title\":\"Storytelling f\\u00fcr mein Unternehmen - 16. und 17. Mai 2024\",\"description\":\"\",\"capacityType\":\"own\",\"price\":\"1499\",\"capacity\":12,\"available\":12,\"sharedCapacity\":12,\"sold\":0,\"shareSold\":0,\"isShared\":false,\"currencyDecimalPoint\":\".\",\"currencyNumberOfDecimals\":2,\"currencyPosition\":\"prefix\",\"currencySymbol\":\"CHF\",\"currencyThousandsSep\":\",\"}]","_tribe_ticket_has_attendee_info_fields":false,"_tribe_events_status":"","_tribe_events_status_reason":"","footnotes":"","_tec_slr_enabled":"","_tec_slr_layout":""},"tags":[],"tribe_events_cat":[49,16],"class_list":["post-22990971","tribe_events","type-tribe_events","status-publish","has-post-thumbnail","hentry","tribe_events_cat-marketing-sales","tribe_events_cat-workshops","cat_marketing-sales","cat_workshops"],"acf":[],"ticketed":["tc"],"_links":{"self":[{"href":"https:\/\/ve-academy.ch\/en\/wp-json\/wp\/v2\/tribe_events\/22990971","targetHints":{"allow":["GET"]}}],"collection":[{"href":"https:\/\/ve-academy.ch\/en\/wp-json\/wp\/v2\/tribe_events"}],"about":[{"href":"https:\/\/ve-academy.ch\/en\/wp-json\/wp\/v2\/types\/tribe_events"}],"author":[{"embeddable":true,"href":"https:\/\/ve-academy.ch\/en\/wp-json\/wp\/v2\/users\/4"}],"version-history":[{"count":17,"href":"https:\/\/ve-academy.ch\/en\/wp-json\/wp\/v2\/tribe_events\/22990971\/revisions"}],"predecessor-version":[{"id":22991415,"href":"https:\/\/ve-academy.ch\/en\/wp-json\/wp\/v2\/tribe_events\/22990971\/revisions\/22991415"}],"wp:featuredmedia":[{"embeddable":true,"href":"https:\/\/ve-academy.ch\/en\/wp-json\/wp\/v2\/media\/22990974"}],"wp:attachment":[{"href":"https:\/\/ve-academy.ch\/en\/wp-json\/wp\/v2\/media?parent=22990971"}],"wp:term":[{"taxonomy":"post_tag","embeddable":true,"href":"https:\/\/ve-academy.ch\/en\/wp-json\/wp\/v2\/tags?post=22990971"},{"taxonomy":"tribe_events_cat","embeddable":true,"href":"https:\/\/ve-academy.ch\/en\/wp-json\/wp\/v2\/tribe_events_cat?post=22990971"}],"curies":[{"name":"wp","href":"https:\/\/api.w.org\/{rel}","templated":true}]}}

Storytelling für mein Unternehmen

<p>[et_pb_section fb_built=&#187;1&#8243; _builder_version=&#187;4.16&#8243; custom_padding=&#187;27px||17px|||&#187; da_disable_devices=&#187;off|off|off&#187; saved_tabs=&#187;all&#187; global_colors_info=&#187;{}&#187; da_is_popup=&#187;off&#187; da_exit_intent=&#187;off&#187; da_has_close=&#187;on&#187; da_alt_close=&#187;off&#187; da_dark_close=&#187;off&#187; da_not_modal=&#187;on&#187; da_is_singular=&#187;off&#187; da_with_loader=&#187;off&#187; da_has_shadow=&#187;on&#187;][et_pb_row _builder_version=&#187;4.16&#8243; background_size=&#187;initial&#187; background_position=&#187;top_left&#187; background_repeat=&#187;repeat&#187; global_colors_info=&#187;{}&#187; theme_builder_area=&#187;post_content&#187;][et_pb_column type=&#187;4_4&#8243; _builder_version=&#187;4.16&#8243; custom_padding=&#187;|||&#187; global_colors_info=&#187;{}&#187; custom_padding__hover=&#187;|||&#187; theme_builder_area=&#187;post_content&#187;][et_pb_video src=&#187;https://vimeo.com/941369293?share=copy&#187; _builder_version=&#187;4.24.3&#8243; _module_preset=&#187;default&#187; global_colors_info=&#187;{}&#187; theme_builder_area=&#187;post_content&#187;][/et_pb_video][/et_pb_column][/et_pb_row][et_pb_row _builder_version=&#187;4.16&#8243; background_size=&#187;initial&#187; background_position=&#187;top_left&#187; background_repeat=&#187;repeat&#187; global_colors_info=&#187;{}&#187;][et_pb_column type=&#187;4_4&#8243; _builder_version=&#187;4.16&#8243; custom_padding=&#187;|||&#187; global_colors_info=&#187;{}&#187; custom_padding__hover=&#187;|||&#187;][et_pb_text _builder_version=&#187;4.23.4&#8243; background_size=&#187;initial&#187; background_position=&#187;top_left&#187; background_repeat=&#187;repeat&#187; global_colors_info=&#187;{}&#187;]</p>
<h1>Über diesen Workshop</h1>
<p><span>Vom Profi angeleitet erarbeitest du das komplette Storytelling für Dein Unternehmen. Diese konkreten Text-Bausteine kannst du danach für alle möglichen Bereiche deiner (On- und Offline) Kommunikation einsetzen.</span></p>
<p>Der Workshop ist wie folgt aufgebaut:<span></span></p>
<ul>
<li><span>Tag 1: Unter Anleitung erarbeitest du ein professionelles, klares Storytelling für deine Kommunikation. Dazu gehören z.B. „Claim“, „Mission Statement“, „Angebot“, „USP’s“ und mehr</span></li>
<li><span>Tag 2: Du setzt das Storytelling um &#8211; z.B. für deine Website oder deinen Social Media Auftritt</span></li>
</ul>
<h1 style="font-weight: 400;">Für wen ist dieser Workshop?</h1>
<p style="font-weight: 400;"><span>Für alle, die eine Website und einen Social Media Auftritt haben (oder haben möchten) und die professionell, klar und verständlich kommunizieren wollen. Und zwar so, dass es die Zielgruppe anspricht und „ankommt&#187;. </span></p>
<h1 style="font-weight: 400;">Was wirst Du lernen?</h1>
<p><span>Du lernst, mit welchen Worten du dein Storytelling strukturiert und klar aufbaust und dieses anschliessend umsetzen kannst.</span></p>
<h1 style="font-weight: 400;">Warum teilnehmen?</h1>
<ul style="font-weight: 400;">
<li><span>Du erhältst einen Leitfaden für die Kunst des professionellen Storytellings, um eine emotionale Verbindung mit deiner Zielgruppe zu schaffen und somit die Markenbindung zu stärken.</span></li>
<li><span>Du verlässt den Workshop mit einem kompletten Set von knackigen Textbausteinen, welche du direkt in deiner Kommunikation einsetzen kannst. Auch wenn du kein Goethe bist.</span></li>
<li><span>Du lernst, dein Angebot so zu formulieren, dass sich deine Zielgruppe angesprochen und vor allem verstanden fühlt. So, dass sie nicht anders kann, als sich für dich und dein Angebot zu interessieren.</span></li>
</ul>
<h1>Der Referent</h1>
<p>Durch den Workshop begleitet dich Andrej Voina.</p>
<p>[/et_pb_text][et_pb_team_member name=&#187;Andrej Voina&#187; position=&#187;Head of Content Creation&#187; image_url=&#187;https://ve-academy.ch/wp-content/uploads/Voina-Andrej_MG_7077-Bearbeitet_quer_web.jpg&#187; _builder_version=&#187;4.23.4&#8243; _module_preset=&#187;default&#187; global_colors_info=&#187;{}&#187;]</p>
<p><span>Andrej Voina arbeitet seit 1990 in der Kommunikation und ist Spezialist für Storytelling und Content Produktion. Er arbeitete unter anderem als Radiomoderator, Werbetexter, Station Voice und Journalist bei den grössten Schweizer Privatradios, war PR Manager für Apple, MarCom Leiter eines Schweizer Unternehmens, welches in über 60 Ländern verkauft und jahrelanger selbstständiger Kommunikationsberater und Content Produzent.</span></p>
<p>[/et_pb_team_member][/et_pb_column][/et_pb_row][/et_pb_section]</p>

<p>Vom Profi angeleitet erarbeitest du das komplette Storytelling für dein Unternehmen. Diese konkreten Text-Bausteine kannst du danach für alle möglichen Bereiche deiner Kommunikation einsetzen.</p>

<h1>Über diesen Workshop</h1><p>Du weisst nach diesem Workshop</p><ul><li>wie Du eine für Dich passende Content Strategie entwickelst</li><li>wie Du mit dem Smartphone Content für Social Media produzieren kannst</li><li>welche Tools Du mit Deinem Smartphone am besten verwendest für die Content Produktion</li></ul><p>Neben Kurzinputs wirst Du Live vor Ort Content produzieren. Der Fokus liegt dabei auf Video, Bild und Text.</p><h1>Der Referent</h1><p>Durch den Tag begleitet Dich Andrej Voina.</p>
